 + 2*h(y). Suppose p - 6 = 3*p. Give b(p).
-7
Let m(w) be the third derivative of -w**5/60 - w**4/4 - 5*w**3/6 - 3*w**2. Let z = 1 + -5. What is m(z)?
3
Let o(v) = -v**2 + 11*v - 8. Let f be o(10). Let g(q) = q**3 - 2*q**2 + 4*q - 3. Give g(f).
5
Let k = -92 - -96. Let x(n) = -4*n**2 + 8*n + 1. Let s(j) = -9*j**2 + 17*j + 3. Let r(l) = 3*s(l) - 7*x(l). Determine r(k).
-2
Let o(k) = 5*k**3 - 3*k**2 - 4*k + 3 - 4*k**3 + 5 - 5. What is o(4)?
3
Let m(t) be the third derivative of 1/2*t**3 + t**2 + 1/12*t**4 + 1/60*t**5 + 0*t + 0. Suppose 3*h = l + 8, 5 - 1 = -4*l - 2*h. Calculate m(l).
3
Let n(z) = -z**2 + 8*z + 13. Let a be n(9). Let j(x) = -3*x + 6. Give j(a).
-6
Suppose 2 = -2*z - 2. Let t = z + 6. Let j(k) = k - 3*k - 8 + 3*k. Give j(t).
-4
Let m(l) = -6*l + 2. Let u be m(1). Let g(d) = -d - 2. What is g(u)?
2
Let a(j) be the third derivative of 0*j**4 - 1/6*j**3 + 0 - j**2 + 0*j**5 + 1/120*j**6 + 0*j. Let w = -23 + 23. Give a(w).
-1
Let z(s) = -s**2 - 3*s - 3. Let q(w) be the first derivative of 3*w + 5/3*w**3 + 2 - 1/4*w**4 - 1/2*w**2. Let o be q(5). Determine z(o).
-1
Let o(u) be the first derivative of -u**3/3 + 5*u**2/2 - 4*u + 1. What is o(5)?
-4
Let x(a) be the second derivative of a**4/12 + 4*a**3/3 + a**2 + 2*a. Determine x(-7).
-5
Let k(i) = -i**2 + 4*i + 4. Let h(c) = c - 4. Let q be h(5). Suppose 2*x - q = o + 7*x, -4 = -2*o - 4*x. Suppose o*s - 3 = 9. Give k(s).
7
Let i(w) be the first derivative of w**4/24 - 2*w**3/3 + 9*w**2/2 + 5. Let k(x) be the second derivative of i(x). Give k(-5).
-9
Let k(h) = -h**2 - 11*h - 8. Let v be k(-10). Let z(j) = -21*j**3 + j**v - 3*j + 2*j + 12*j**3. Determine z(1).
-9
Let d(p) = 3*p - 8. Let q be d(3). Let a(l) = -9*l**3 + l. What is a(q)?
-8
Let i(s) = -5*s**2 + 6*s + 3*s**2 - 4*s**2 + s**3. Suppose 2*l = -n + l + 6, 2 = 3*n - 5*l. What is i(n)?
-8
Let y(t) be the second derivative of t**6/360 - t**5/120 - t**4/4 + 6*t. Let v(u) be the third derivative of y(u). Give v(3).
5
Let i(z) = 5*z**2 + z - 1. Let a = -8 - -9. Let h be i(a). Let v(j) = -j - 2. Let y(t) = -1. Let k(w) = -v(w) + 5*y(w). What is k(h)?
2
Let k be 2/7 - (-6)/(-21). Suppose k*y - 2*y = 8. Let a(q) = q**3 + 5*q**2 + 6*q + 2. Determine a(y).
-6
Let a = -38 - -115/3. Let z(x) be the first derivative of -x + a*x**3 - 3/2*x**2 - 2. Calculate z(3).
-1
Let i be (-2 + 0)*(-3)/(-2). Let t be 0 + 4/6*i. Let j(u) be the third derivative of u**5/15 + u**4/8 - 21*u**2. Determine j(t).
10
Let w(o) be the second derivative of -o**5/20 - 7*o**4/12 - o**3 + o**2/2 - 50*o. Determine w(-6).
1
Let q(g) = g**3 + 9*g**2 + 7*g - 19. Let f be q(-8). Let u(m) = -2*m - 16. Give u(f).
6
Let q(u) = u**2 + u + 5. Let t(s) = s**3 + 6*s**2 + 4*s - 1. Let b be t(-5). Let c be (4 - b)/(-2 + 0). What is q(c)?
5
Let t(j) be the second derivative of j**4/12 - j**3/2 - j**2/2 - 5*j. What is t(3)?
-1
Let a(s) = s**3 + s**2 + 3. Suppose 0 = 6*y - 3*y. Determine a(y).
3
Let r(g) be the first derivative of g**4/4 + 8*g**3/3 - g**2 - 10*g - 7. Let n be r(-8). Let s(f) = f**2 - 3*f - 5. Determine s(n).
13
Let y = 12 + -10. Let g(k) = k**3 - k**2 - 3*k + 2. Give g(y).
0
Let v(r) = -2*r**2 + r + 1. Let q(b) = b**2 - 2*b. Let m(i) = 3*q(i) + 2*v(i). Calculate m(-3).
5
Suppose -t + 8 = 4*f + f, 5*f + 5*t = 0. Let g(r) = 4*r + 2*r**2 - 4*r**f - r**3 - 2*r**3 + 2*r**3 + 4. Determine g(-3).
1
Suppose 0*j + 4*j = 4*c - 40, 3*j + 24 = 2*c. Let s(d) be the first derivative of -d**2/2 + 5*d + 1. Give s(c).
-1
Suppose 0 = -a - 0*a - 6. Let g be (-10)/(-4) - a/12. Let r(n) = -2 + n - g + 4 + 5. Determine r(-6).
-2
Let s(m) = -2 + 0*m**3 + 1 + 3*m**2 + m + m**3. Suppose -2 = -n + 2*n. Determine s(n).
1
Let a(z) = 6*z**3 + z**2 - 1. Suppose -4*h + 2 = -10. Suppose -c + 22 = 5*r, -h*c + 2 = -5*r + 4*r. Suppose -5 - 13 = -c*v - 4*m, -4*m + 16 = 0. Determine a(v).
6
Let y(p) be the third derivative of -1/24*p**4 + 7/6*p**3 + 0 - 4*p**2 + 0*p. Let v(i) = -i**2 - 9*i - 3. Let m be v(-8). What is y(m)?
2
Let j(l) = l**2 + 2*l - 3. Suppose 4*k - 3*y = 80, -46 - 14 = -3*k - 5*y. Suppose 0 = -4*w + z + 3*z - k, 0 = 4*z - 4. What is j(w)?
5
Let l(o) = -1 - 9 + 3 - o + 0*o. Let w be l(-3). Let u(q) = -q. What is u(w)?
4
Let i(o) be the second derivative of o**4/12 - o**3 + 2*o**2 - 15*o. Determine i(6).
4
Let p(y) be the first derivative of -y**3/3 + y - 1. Calculate p(1).
0
Let v(a) be the first derivative of a**5/20 + 5*a**4/12 + a**2/2 - a - 2. Let k(c) be the first derivative of v(c). Let x = 160 + -165. Calculate k(x).
1
Let p(y) = y - 1. Suppose 3*n + 3*q + 12 = 0, 4*q + 0*q + 20 = 0. Let c be 0/(1*(-2 + n)). Let s be c/(2 + -3 + 2). Determine p(s).
-1
Suppose 5 + 22 = o. Suppose 4*q - o = q. Let r(s) = s**2 + 9 + 2*s - q - s**3. Determine r(-2).
8
Let u(o) = o + 1. Suppose 0 = 2*h - 3*x + 18, 0 = 2*h + 6*x - 2*x - 10. Let i = h + 5. Let b = i + -5. Determine u(b).
-2
Let b(r) = 2*r + 32. Let l be b(-19). Let q(g) = -g**2 - 4*g + 5. Calculate q(l).
-7
Let s(y) = y + 4. Suppose -5*u - 10 = o - 3, -5*o - 9 = -u. Calculate s(o).
2
Let i(y) = y**3 + 10*y**2 + 7*y - 9. Suppose -5*a = 5, -3*a - 43 = 5*l - 5*a. Give i(l).
9
Let w(q) be the first derivative of q**2/2 - 2*q - 7. Give w(7).
5
Let d(y) = y**2 - 3*y + 6. Let n(s) = s**2 - 2*s + 5. Let v(h) = -4*d(h) + 5*n(h). Let f be -5 - -2 - (-2)/2. Determine v(f).
1
Let j(m) be the first derivative of m**6/120 - m**5/15 + m**4/12 - m**3/2 - m**2 + 5. Let l(k) be the second derivative of j(k). Determine l(2).
-7
Let w(a) = a**3 - a**2 - 4*a + 3. Let t be ((2 + 2)/(-4) - -2)*2. Determine w(t).
-1
Let g be 9/(-45) + (-8)/(-15). Let s(d) be the first derivative of -5/2*d**2 + g*d**3 - d - 3. Give s(4).
-5
Suppose 2*s + 4*k - 4 = 0, 0 = 2*s - 5*k + 2*k - 4. Let m(h) = -5*h**3 + 2*h**2 + 3*h - 2. Let q(t) = -t**3. Let v(z) = -m(z) + 3*q(z). What is v(s)?
4
Let z(j) = -6*j**2 + 0 + j + 8*j**2 + 2. Calculate z(-2).
8
Suppose 0*l = -5*q - l - 27, 5*q = -4*l - 33. Let p(y) = y**3 + 5*y**2 + y + 5. Give p(q).
0
Let h(n) = -n**3 + 3*n**2 - 3*n. Let m = -13 + 15. What is h(m)?
-2
Let j(r) be the second derivative of -r**4/12 - 2*r**3/3 + 5*r**2/2 - 31*r. Calculate j(-5).
0
Let n(z) = 19 - 42 + 3 - z**2. What is n(0)?
-20
Let j(c) = c**3 - 7*c**2 - c + 1. Let k be j(7). Let o(p) = -9*p**2 + 5*p + 14. Let a(y) = 5*y**2 - 2*y - 7. Let h(r) = 11*a(r) + 6*o(r). What is h(k)?
-5
Let v(u) be the second derivative of 11*u**3/6 - u**2/2 - 8*u. Calculate v(-1).
-12
Suppose -5*l - 4*b = -0*l - 28, -2*l + 19 = -b. Let r = l - 7. Let n(i) = -2*i**3 - 2*i + 1. What is n(r)?
-3
Let n(o) be the third derivative of o**5/60 + 5*o**4/24 + o**3/2 - 10*o**2. Determine n(-4).
-1
Let m(d) = -1. Let o(n) = n - 10. Let f(g) = -18*m(g) + 2*o(g). Let y be f(2). Let t(c) = 2*c - c - c**2 + 2 - c**y. Give t(-2).
-8
Let v(i) = 22*i**2 + 2*i - 10*i**2 - 14*i**2 + i. Determine v(3).
-9
Suppose 8 = -4*o - 4, 2*d = 3*o + 7. Let c(k) be the second derivative of 5*k**3/6 - k**2/2 + 7*k. Determine c(d).
-6
Let v(p) = 3*p - 2. Suppose -3*z = -9*z - 12. Calculate v(z).
-8
Let s(t) = t**3 + 4*t**2 + t. Let u(r) = r**2 + 3. Let j be u(0). Suppose 0 = 3*p + 3 + j. What is s(p)?
6
Let w(a) = 1 - 2*a + 5*a - a - a. What is w(3)?
4
Let c(y) = 0*y - 2 + 8*y + 3. Let t(g) = 7*g + 1. Let d(b) = -5*c(b) + 6*t(b). Let x = 10 - 6. What is d(x)?
9
Let l(s) = s - 1. Let j(n) = -n**2 + 2*n. Let p(d) = -j(d) - 3*l(d). What is p(5)?
3
Let b(d) = -d**2 - 7*d - 4. Suppose -i - 3*p + 17 = 0, -i + 2*p = -5*i + 18. Let o be 1/i*(-10 + 0). What is b(o)?
6
Let v(h) = 6 + 2*h**2 - 3 + 0*h - 5*h. Determine v(3).
6
Let y(i) be the second derivative of -i**4/12 + 7*i**3/6 - 5*i**2/2 + 2*i. Let f(n) = n**2 - 16*n + 5. Let m be f(16). Calculate y(m).
5
Let f(k) = -6*k**3 - 2*k - 1. Suppose 5*w - 2 = -3*z - 0*w, -3*w = 2*z - 1. Give f(z).
7
Let j(z) = -z**3 + 3*z**2 + 4*z - 1. Let n = -6 - -10. Let r be j(n). Let g(x) = -5*x**2 + 1. What is g(r)?
-4
Let a(v) = -v**2 - 3*v - 1. Let n be -2*5*5/50. Calculate a(n).
1
Suppose u - 3*g + 2 = -0, u + 3*g - 10 = 0. Suppose 9 = l + 4*a, 2*l + 24 = 6*l + u*a. Suppose -2*v = 5 + l. Let j(p) = -p**3 - 5*p**2 + p + 5. Give j(v).
0
Let y(m) = -m**3 - 5*m**2 - 2*m + 5. Let r be 12 + (1 + -3)/2. Let d(z) = z**2 - 10*z - 9. Let f be d(r). Suppose f*q + 11 - 3 = 0. Calculate y(q).
-3
Let t(